{"id":559,"date":"2026-02-24T14:58:45","date_gmt":"2026-02-24T14:58:45","guid":{"rendered":"https:\/\/alvar.cl\/?post_type=product&#038;p=559"},"modified":"2026-02-24T14:58:45","modified_gmt":"2026-02-24T14:58:45","slug":"dt500-a111-sensor-de-distancia","status":"publish","type":"product","link":"https:\/\/alvar.cl\/?product=dt500-a111-sensor-de-distancia","title":{"rendered":"DT500-A111-Sensor de Distancia"},"content":{"rendered":"<p>Rango de medici\u00f3n de 0,2 m a 30 m, factor de remisi\u00f3n del 90 % Rango de medici\u00f3n de 0,8 m a 15 m, factor de remisi\u00f3n del 6 %<br \/>\nRepetibilidad de 1 mm<br \/>\nPrecisi\u00f3n de \u00b1 3 mm<br \/>\nTipo de salida de corriente de salida anal\u00f3gica<br \/>\nSin calefacci\u00f3n<br \/>\nConsumo de energ\u00eda t\u00edpico: 3 W<\/p>\n","protected":false},"excerpt":{"rendered":"<p>Rango de medici\u00f3n de 0,2 m a 30 m, factor de remisi\u00f3n del 90 % Rango de medici\u00f3n de 0,8 m a 15 m, factor de remisi\u00f3n del 6 % Repetibilidad de 1 mm Precisi\u00f3n de \u00b1 3 mm Tipo de salida de corriente de salida anal\u00f3gica Sin calefacci\u00f3n Consumo de energ\u00eda t\u00edpico: 3 W<\/p>\n","protected":false},"featured_media":560,"comment_status":"closed","ping_status":"closed","template":"","meta":{"_et_pb_use_builder":"","_et_pb_old_content":"","_et_gb_content_width":""},"product_brand":[19],"product_cat":[20],"product_tag":[],"class_list":{"0":"post-559","1":"product","2":"type-product","3":"status-publish","4":"has-post-thumbnail","6":"product_brand-sick","7":"product_cat-sensor","9":"first","10":"instock","11":"shipping-taxable","12":"product-type-simple"},"_links":{"self":[{"href":"https:\/\/alvar.cl\/index.php?rest_route=\/wp\/v2\/product\/559","targetHints":{"allow":["GET"]}}],"collection":[{"href":"https:\/\/alvar.cl\/index.php?rest_route=\/wp\/v2\/product"}],"about":[{"href":"https:\/\/alvar.cl\/index.php?rest_route=\/wp\/v2\/types\/product"}],"replies":[{"embeddable":true,"href":"https:\/\/alvar.cl\/index.php?rest_route=%2Fwp%2Fv2%2Fcomments&post=559"}],"wp:featuredmedia":[{"embeddable":true,"href":"https:\/\/alvar.cl\/index.php?rest_route=\/wp\/v2\/media\/560"}],"wp:attachment":[{"href":"https:\/\/alvar.cl\/index.php?rest_route=%2Fwp%2Fv2%2Fmedia&parent=559"}],"wp:term":[{"taxonomy":"product_brand","embeddable":true,"href":"https:\/\/alvar.cl\/index.php?rest_route=%2Fwp%2Fv2%2Fproduct_brand&post=559"},{"taxonomy":"product_cat","embeddable":true,"href":"https:\/\/alvar.cl\/index.php?rest_route=%2Fwp%2Fv2%2Fproduct_cat&post=559"},{"taxonomy":"product_tag","embeddable":true,"href":"https:\/\/alvar.cl\/index.php?rest_route=%2Fwp%2Fv2%2Fproduct_tag&post=559"}],"curies":[{"name":"wp","href":"https:\/\/api.w.org\/{rel}","templated":true}]}}