{"id":602,"date":"2026-02-24T18:10:36","date_gmt":"2026-02-24T18:10:36","guid":{"rendered":"https:\/\/alvar.cl\/?post_type=product&#038;p=602"},"modified":"2026-02-24T18:10:36","modified_gmt":"2026-02-24T18:10:36","slug":"wll180tm432-sensor-fibra-optica","status":"publish","type":"product","link":"https:\/\/alvar.cl\/?product=wll180tm432-sensor-fibra-optica","title":{"rendered":"WLL180TM432 \/ Sensor Fibra \u00f3ptica"},"content":{"rendered":"<p>Detalle del tipo de dispositivo Unidad de base 1)<br \/>\nDetalle del principio de funcionamiento En funci\u00f3n del cable de fibra \u00f3ptica utilizado<br \/>\nAlcance de detecci\u00f3n m\u00e1x. En funci\u00f3n del cable de fibra \u00f3ptica utilizado<br \/>\nHaz emitido<br \/>\nFuente de luz LED<br \/>\nTipo de luz Luz roja visible<br \/>\nDatos caracter\u00edsticos del LED<br \/>\nReferencia normativa EN 62471:2008-09 | IEC 62471:2006, modificado<br \/>\nDenominaci\u00f3n de grupo de riesgo del LED Grupo libre<br \/>\nLongitud de onda 650 nm<br \/>\nVida \u00fatil media 100.000 h con TU = +25 \u00b0C<\/p>\n","protected":false},"excerpt":{"rendered":"<p>Detalle del tipo de dispositivo Unidad de base 1) Detalle del principio de funcionamiento En funci\u00f3n del cable de fibra \u00f3ptica utilizado Alcance de detecci\u00f3n m\u00e1x. En funci\u00f3n del cable de fibra \u00f3ptica utilizado Haz emitido Fuente de luz LED Tipo de luz Luz roja visible Datos caracter\u00edsticos del LED Referencia normativa EN 62471:2008-09 | [&hellip;]<\/p>\n","protected":false},"featured_media":603,"comment_status":"closed","ping_status":"closed","template":"","meta":{"_et_pb_use_builder":"","_et_pb_old_content":"","_et_gb_content_width":""},"product_brand":[19],"product_cat":[20],"product_tag":[],"class_list":{"0":"post-602","1":"product","2":"type-product","3":"status-publish","4":"has-post-thumbnail","6":"product_brand-sick","7":"product_cat-sensor","9":"first","10":"instock","11":"shipping-taxable","12":"product-type-simple"},"_links":{"self":[{"href":"https:\/\/alvar.cl\/index.php?rest_route=\/wp\/v2\/product\/602","targetHints":{"allow":["GET"]}}],"collection":[{"href":"https:\/\/alvar.cl\/index.php?rest_route=\/wp\/v2\/product"}],"about":[{"href":"https:\/\/alvar.cl\/index.php?rest_route=\/wp\/v2\/types\/product"}],"replies":[{"embeddable":true,"href":"https:\/\/alvar.cl\/index.php?rest_route=%2Fwp%2Fv2%2Fcomments&post=602"}],"wp:featuredmedia":[{"embeddable":true,"href":"https:\/\/alvar.cl\/index.php?rest_route=\/wp\/v2\/media\/603"}],"wp:attachment":[{"href":"https:\/\/alvar.cl\/index.php?rest_route=%2Fwp%2Fv2%2Fmedia&parent=602"}],"wp:term":[{"taxonomy":"product_brand","embeddable":true,"href":"https:\/\/alvar.cl\/index.php?rest_route=%2Fwp%2Fv2%2Fproduct_brand&post=602"},{"taxonomy":"product_cat","embeddable":true,"href":"https:\/\/alvar.cl\/index.php?rest_route=%2Fwp%2Fv2%2Fproduct_cat&post=602"},{"taxonomy":"product_tag","embeddable":true,"href":"https:\/\/alvar.cl\/index.php?rest_route=%2Fwp%2Fv2%2Fproduct_tag&post=602"}],"curies":[{"name":"wp","href":"https:\/\/api.w.org\/{rel}","templated":true}]}}