{"id":627,"date":"2026-02-24T19:40:38","date_gmt":"2026-02-24T19:40:38","guid":{"rendered":"https:\/\/alvar.cl\/?post_type=product&#038;p=627"},"modified":"2026-02-27T19:30:04","modified_gmt":"2026-02-27T19:30:04","slug":"chasis-controllogix-de-allen-bradley","status":"publish","type":"product","link":"https:\/\/alvar.cl\/?product=chasis-controllogix-de-allen-bradley","title":{"rendered":"Chasis ControlLogix de Allen-Bradley"},"content":{"rendered":"<p>El chasis Allen-Bradley\u00a0<span data-processed=\"true\"><a class=\"H23r4e\" href=\"https:\/\/literature.rockwellautomation.com\/idc\/groups\/literature\/documents\/in\/1756-in621_-es-p.pdf\" target=\"_blank\" rel=\"noopener\" data-processed=\"true\">1756 ControlLogix<\/a><\/span> es la base modular (serie 1756) para sistemas de automatizaci\u00f3n, dise\u00f1ada para montaje horizontal en panel.\u00a0Proporciona un\u00a0<em class=\"eujQNb\" data-processed=\"true\">backplane<\/em>\u00a0de alta velocidad que conecta controladores, I\/O, y m\u00f3dulos de comunicaci\u00f3n en cualquier ranura. Est\u00e1n disponibles en tama\u00f1os de 4, 7, 10, 13 y 17 ranuras, con versiones est\u00e1ndar y para ambientes extremos.<span class=\"uJ19be notranslate\" data-wiz-uids=\"osxyic_e,osxyic_f\" data-processed=\"true\"><span class=\"vKEkVd\" data-animation-atomic=\"\" data-wiz-attrbind=\"class=osxyic_d\/TKHnVd\" data-processed=\"true\"><span aria-hidden=\"true\" data-processed=\"true\">\u00a0<\/span><button class=\"rBl3me IWyTpf pjvauc\" tabindex=\"0\" data-amic=\"true\" data-icl-uuid=\"33a683a7-456f-4797-bd01-66461b2c9f3c\" aria-label=\"Rockwell Automation (m\u00e1s de 4) - Ver v\u00ednculos relacionados\" data-wiz-attrbind=\"disabled=osxyic_d\/C5gNJc;aria-label=osxyic_d\/bOjMyf;class=osxyic_d\/UpSNec\" data-ved=\"2ahUKEwjOh7Dv8PKSAxUqlJUCHSYdEQAQye0OegQIARAD\" data-processed=\"true\"><\/button><\/span><\/span><\/p>\n","protected":false},"excerpt":{"rendered":"<p>El chasis Allen-Bradley\u00a01756 ControlLogix es la base modular (serie 1756) para sistemas de automatizaci\u00f3n, dise\u00f1ada para montaje horizontal en panel.\u00a0Proporciona un\u00a0backplane\u00a0de alta velocidad que conecta controladores, I\/O, y m\u00f3dulos de comunicaci\u00f3n en cualquier ranura. Est\u00e1n disponibles en tama\u00f1os de 4, 7, 10, 13 y 17 ranuras, con versiones est\u00e1ndar y para ambientes extremos.\u00a0<\/p>\n","protected":false},"featured_media":628,"comment_status":"closed","ping_status":"closed","template":"","meta":{"_et_pb_use_builder":"","_et_pb_old_content":"","_et_gb_content_width":""},"product_brand":[32],"product_cat":[18],"product_tag":[],"class_list":{"0":"post-627","1":"product","2":"type-product","3":"status-publish","4":"has-post-thumbnail","6":"product_brand-allen-bradley","7":"product_cat-sin-categorizar","9":"first","10":"instock","11":"shipping-taxable","12":"product-type-simple"},"_links":{"self":[{"href":"https:\/\/alvar.cl\/index.php?rest_route=\/wp\/v2\/product\/627","targetHints":{"allow":["GET"]}}],"collection":[{"href":"https:\/\/alvar.cl\/index.php?rest_route=\/wp\/v2\/product"}],"about":[{"href":"https:\/\/alvar.cl\/index.php?rest_route=\/wp\/v2\/types\/product"}],"replies":[{"embeddable":true,"href":"https:\/\/alvar.cl\/index.php?rest_route=%2Fwp%2Fv2%2Fcomments&post=627"}],"wp:featuredmedia":[{"embeddable":true,"href":"https:\/\/alvar.cl\/index.php?rest_route=\/wp\/v2\/media\/628"}],"wp:attachment":[{"href":"https:\/\/alvar.cl\/index.php?rest_route=%2Fwp%2Fv2%2Fmedia&parent=627"}],"wp:term":[{"taxonomy":"product_brand","embeddable":true,"href":"https:\/\/alvar.cl\/index.php?rest_route=%2Fwp%2Fv2%2Fproduct_brand&post=627"},{"taxonomy":"product_cat","embeddable":true,"href":"https:\/\/alvar.cl\/index.php?rest_route=%2Fwp%2Fv2%2Fproduct_cat&post=627"},{"taxonomy":"product_tag","embeddable":true,"href":"https:\/\/alvar.cl\/index.php?rest_route=%2Fwp%2Fv2%2Fproduct_tag&post=627"}],"curies":[{"name":"wp","href":"https:\/\/api.w.org\/{rel}","templated":true}]}}