{"id":660,"date":"2026-02-27T18:14:11","date_gmt":"2026-02-27T18:14:11","guid":{"rendered":"https:\/\/alvar.cl\/?post_type=product&#038;p=660"},"modified":"2026-02-27T19:27:08","modified_gmt":"2026-02-27T19:27:08","slug":"interruptor-automatico-compact-nsx400f-3p-400a-se-ds-281059","status":"publish","type":"product","link":"https:\/\/alvar.cl\/?product=interruptor-automatico-compact-nsx400f-3p-400a-se-ds-281059","title":{"rendered":"Interruptor Autom\u00e1tico ComPacT NSX400F 3P 400A \/ SE-DS-281059"},"content":{"rendered":"<p>El\u00a0<strong class=\"Yjhzub\" data-complete=\"true\" data-processed=\"true\">Schneider Electric ComPact NSX400F<\/strong> es un interruptor autom\u00e1tico (disyuntor) de caja moldeada dise\u00f1ado para la protecci\u00f3n de sistemas de distribuci\u00f3n el\u00e9ctrica en aplicaciones industriales y comerciales de alta exigencia.<\/p>\n","protected":false},"excerpt":{"rendered":"<p>El\u00a0Schneider Electric ComPact NSX400F es un interruptor autom\u00e1tico (disyuntor) de caja moldeada dise\u00f1ado para la protecci\u00f3n de sistemas de distribuci\u00f3n el\u00e9ctrica en aplicaciones industriales y comerciales de alta exigencia.<\/p>\n","protected":false},"featured_media":661,"comment_status":"closed","ping_status":"closed","template":"","meta":{"_et_pb_use_builder":"","_et_pb_old_content":"","_et_gb_content_width":""},"product_brand":[24],"product_cat":[29],"product_tag":[],"class_list":{"0":"post-660","1":"product","2":"type-product","3":"status-publish","4":"has-post-thumbnail","6":"product_brand-schneider","7":"product_cat-interruptor","9":"first","10":"instock","11":"shipping-taxable","12":"product-type-simple"},"_links":{"self":[{"href":"https:\/\/alvar.cl\/index.php?rest_route=\/wp\/v2\/product\/660","targetHints":{"allow":["GET"]}}],"collection":[{"href":"https:\/\/alvar.cl\/index.php?rest_route=\/wp\/v2\/product"}],"about":[{"href":"https:\/\/alvar.cl\/index.php?rest_route=\/wp\/v2\/types\/product"}],"replies":[{"embeddable":true,"href":"https:\/\/alvar.cl\/index.php?rest_route=%2Fwp%2Fv2%2Fcomments&post=660"}],"wp:featuredmedia":[{"embeddable":true,"href":"https:\/\/alvar.cl\/index.php?rest_route=\/wp\/v2\/media\/661"}],"wp:attachment":[{"href":"https:\/\/alvar.cl\/index.php?rest_route=%2Fwp%2Fv2%2Fmedia&parent=660"}],"wp:term":[{"taxonomy":"product_brand","embeddable":true,"href":"https:\/\/alvar.cl\/index.php?rest_route=%2Fwp%2Fv2%2Fproduct_brand&post=660"},{"taxonomy":"product_cat","embeddable":true,"href":"https:\/\/alvar.cl\/index.php?rest_route=%2Fwp%2Fv2%2Fproduct_cat&post=660"},{"taxonomy":"product_tag","embeddable":true,"href":"https:\/\/alvar.cl\/index.php?rest_route=%2Fwp%2Fv2%2Fproduct_tag&post=660"}],"curies":[{"name":"wp","href":"https:\/\/api.w.org\/{rel}","templated":true}]}}