{"id":694,"date":"2026-03-10T19:19:56","date_gmt":"2026-03-10T19:19:56","guid":{"rendered":"https:\/\/alvar.cl\/?post_type=product&#038;p=694"},"modified":"2026-03-10T19:20:02","modified_gmt":"2026-03-10T19:20:02","slug":"fuente-de-alimentacion-electrica-controllogix-1756-pa72","status":"publish","type":"product","link":"https:\/\/alvar.cl\/?product=fuente-de-alimentacion-electrica-controllogix-1756-pa72","title":{"rendered":"Fuente de alimentaci\u00f3n el\u00e9ctrica ControlLogix \/ 1756-PA72"},"content":{"rendered":"<p>La Allen-Bradley 1756-PA72 es una fuente de alimentaci\u00f3n de CA est\u00e1ndar (72-75 W) para sistemas de chasis ControlLogix, que proporciona energ\u00eda fiable (120\/240 VCA) al backplane. Ofrece voltajes de 1.2V, 3.3V, 5V y 24VCC, siendo ideal para aplicaciones industriales de alto rendimiento y entornos exigentes.<\/p>\n","protected":false},"excerpt":{"rendered":"<p>La Allen-Bradley 1756-PA72 es una fuente de alimentaci\u00f3n de CA est\u00e1ndar (72-75 W) para sistemas de chasis ControlLogix, que proporciona energ\u00eda fiable (120\/240 VCA) al backplane. Ofrece voltajes de 1.2V, 3.3V, 5V y 24VCC, siendo ideal para aplicaciones industriales de alto rendimiento y entornos exigentes.<\/p>\n","protected":false},"featured_media":695,"comment_status":"closed","ping_status":"closed","template":"","meta":{"_et_pb_use_builder":"","_et_pb_old_content":"","_et_gb_content_width":""},"product_brand":[32],"product_cat":[37],"product_tag":[],"class_list":{"0":"post-694","1":"product","2":"type-product","3":"status-publish","4":"has-post-thumbnail","6":"product_brand-allen-bradley","7":"product_cat-fuente-de-alimentacion","9":"first","10":"instock","11":"shipping-taxable","12":"purchasable","13":"product-type-simple"},"_links":{"self":[{"href":"https:\/\/alvar.cl\/index.php?rest_route=\/wp\/v2\/product\/694","targetHints":{"allow":["GET"]}}],"collection":[{"href":"https:\/\/alvar.cl\/index.php?rest_route=\/wp\/v2\/product"}],"about":[{"href":"https:\/\/alvar.cl\/index.php?rest_route=\/wp\/v2\/types\/product"}],"replies":[{"embeddable":true,"href":"https:\/\/alvar.cl\/index.php?rest_route=%2Fwp%2Fv2%2Fcomments&post=694"}],"wp:featuredmedia":[{"embeddable":true,"href":"https:\/\/alvar.cl\/index.php?rest_route=\/wp\/v2\/media\/695"}],"wp:attachment":[{"href":"https:\/\/alvar.cl\/index.php?rest_route=%2Fwp%2Fv2%2Fmedia&parent=694"}],"wp:term":[{"taxonomy":"product_brand","embeddable":true,"href":"https:\/\/alvar.cl\/index.php?rest_route=%2Fwp%2Fv2%2Fproduct_brand&post=694"},{"taxonomy":"product_cat","embeddable":true,"href":"https:\/\/alvar.cl\/index.php?rest_route=%2Fwp%2Fv2%2Fproduct_cat&post=694"},{"taxonomy":"product_tag","embeddable":true,"href":"https:\/\/alvar.cl\/index.php?rest_route=%2Fwp%2Fv2%2Fproduct_tag&post=694"}],"curies":[{"name":"wp","href":"https:\/\/api.w.org\/{rel}","templated":true}]}}