{"id":718,"date":"2026-03-10T19:50:51","date_gmt":"2026-03-10T19:50:51","guid":{"rendered":"https:\/\/alvar.cl\/?post_type=product&#038;p=718"},"modified":"2026-03-10T19:50:51","modified_gmt":"2026-03-10T19:50:51","slug":"unidad-base-terminal-1794-tb3gs","status":"publish","type":"product","link":"https:\/\/alvar.cl\/?product=unidad-base-terminal-1794-tb3gs","title":{"rendered":"Unidad base terminal \/ 1794-TB3GS"},"content":{"rendered":"<p>La Allen-Bradley 1794-TB3GS es una unidad base de terminales con conexi\u00f3n a tierra dise\u00f1ada para el sistema de E\/S FLEX, que utiliza terminaciones de abrazadera de resorte para un cableado r\u00e1pido y seguro. Est\u00e1 optimizada para m\u00f3dulos anal\u00f3gicos y aplicaciones que requieren una gesti\u00f3n eficiente de se\u00f1ales de 3 hilos.<\/p>\n","protected":false},"excerpt":{"rendered":"<p>La Allen-Bradley 1794-TB3GS es una unidad base de terminales con conexi\u00f3n a tierra dise\u00f1ada para el sistema de E\/S FLEX, que utiliza terminaciones de abrazadera de resorte para un cableado r\u00e1pido y seguro. Est\u00e1 optimizada para m\u00f3dulos anal\u00f3gicos y aplicaciones que requieren una gesti\u00f3n eficiente de se\u00f1ales de 3 hilos.<\/p>\n","protected":false},"featured_media":719,"comment_status":"closed","ping_status":"closed","template":"","meta":{"_et_pb_use_builder":"","_et_pb_old_content":"","_et_gb_content_width":""},"product_brand":[32],"product_cat":[39],"product_tag":[],"class_list":{"0":"post-718","1":"product","2":"type-product","3":"status-publish","4":"has-post-thumbnail","6":"product_brand-allen-bradley","7":"product_cat-terminal","9":"first","10":"instock","11":"shipping-taxable","12":"purchasable","13":"product-type-simple"},"_links":{"self":[{"href":"https:\/\/alvar.cl\/index.php?rest_route=\/wp\/v2\/product\/718","targetHints":{"allow":["GET"]}}],"collection":[{"href":"https:\/\/alvar.cl\/index.php?rest_route=\/wp\/v2\/product"}],"about":[{"href":"https:\/\/alvar.cl\/index.php?rest_route=\/wp\/v2\/types\/product"}],"replies":[{"embeddable":true,"href":"https:\/\/alvar.cl\/index.php?rest_route=%2Fwp%2Fv2%2Fcomments&post=718"}],"wp:featuredmedia":[{"embeddable":true,"href":"https:\/\/alvar.cl\/index.php?rest_route=\/wp\/v2\/media\/719"}],"wp:attachment":[{"href":"https:\/\/alvar.cl\/index.php?rest_route=%2Fwp%2Fv2%2Fmedia&parent=718"}],"wp:term":[{"taxonomy":"product_brand","embeddable":true,"href":"https:\/\/alvar.cl\/index.php?rest_route=%2Fwp%2Fv2%2Fproduct_brand&post=718"},{"taxonomy":"product_cat","embeddable":true,"href":"https:\/\/alvar.cl\/index.php?rest_route=%2Fwp%2Fv2%2Fproduct_cat&post=718"},{"taxonomy":"product_tag","embeddable":true,"href":"https:\/\/alvar.cl\/index.php?rest_route=%2Fwp%2Fv2%2Fproduct_tag&post=718"}],"curies":[{"name":"wp","href":"https:\/\/api.w.org\/{rel}","templated":true}]}}