{"id":726,"date":"2026-03-10T20:16:20","date_gmt":"2026-03-10T20:16:20","guid":{"rendered":"https:\/\/alvar.cl\/?post_type=product&#038;p=726"},"modified":"2026-03-10T20:16:28","modified_gmt":"2026-03-10T20:16:28","slug":"modulo-base-de-bloque-de-terminales-flexible-1794-tb32s","status":"publish","type":"product","link":"https:\/\/alvar.cl\/?product=modulo-base-de-bloque-de-terminales-flexible-1794-tb32s","title":{"rendered":"M\u00f3dulo base de bloque de terminales flexible \/ 1794-TB32S"},"content":{"rendered":"<p>La 1794-TB32S de Allen-Bradley es una base terminal de 32 puntos para el sistema FLEX I\/O, dise\u00f1ada con tecnolog\u00eda de abrazadera de resorte (spring-clamp) para un cableado r\u00e1pido y seguro. Soporta montaje en riel DIN o panel, ideal para entornos con vibraciones. Es compatible con m\u00f3dulos de E\/S de alta densidad.<\/p>\n","protected":false},"excerpt":{"rendered":"<p>La 1794-TB32S de Allen-Bradley es una base terminal de 32 puntos para el sistema FLEX I\/O, dise\u00f1ada con tecnolog\u00eda de abrazadera de resorte (spring-clamp) para un cableado r\u00e1pido y seguro. Soporta montaje en riel DIN o panel, ideal para entornos con vibraciones. Es compatible con m\u00f3dulos de E\/S de alta densidad.<\/p>\n","protected":false},"featured_media":727,"comment_status":"closed","ping_status":"closed","template":"","meta":{"_et_pb_use_builder":"","_et_pb_old_content":"","_et_gb_content_width":""},"product_brand":[32],"product_cat":[39],"product_tag":[],"class_list":{"0":"post-726","1":"product","2":"type-product","3":"status-publish","4":"has-post-thumbnail","6":"product_brand-allen-bradley","7":"product_cat-terminal","9":"first","10":"instock","11":"shipping-taxable","12":"purchasable","13":"product-type-simple"},"_links":{"self":[{"href":"https:\/\/alvar.cl\/index.php?rest_route=\/wp\/v2\/product\/726","targetHints":{"allow":["GET"]}}],"collection":[{"href":"https:\/\/alvar.cl\/index.php?rest_route=\/wp\/v2\/product"}],"about":[{"href":"https:\/\/alvar.cl\/index.php?rest_route=\/wp\/v2\/types\/product"}],"replies":[{"embeddable":true,"href":"https:\/\/alvar.cl\/index.php?rest_route=%2Fwp%2Fv2%2Fcomments&post=726"}],"wp:featuredmedia":[{"embeddable":true,"href":"https:\/\/alvar.cl\/index.php?rest_route=\/wp\/v2\/media\/727"}],"wp:attachment":[{"href":"https:\/\/alvar.cl\/index.php?rest_route=%2Fwp%2Fv2%2Fmedia&parent=726"}],"wp:term":[{"taxonomy":"product_brand","embeddable":true,"href":"https:\/\/alvar.cl\/index.php?rest_route=%2Fwp%2Fv2%2Fproduct_brand&post=726"},{"taxonomy":"product_cat","embeddable":true,"href":"https:\/\/alvar.cl\/index.php?rest_route=%2Fwp%2Fv2%2Fproduct_cat&post=726"},{"taxonomy":"product_tag","embeddable":true,"href":"https:\/\/alvar.cl\/index.php?rest_route=%2Fwp%2Fv2%2Fproduct_tag&post=726"}],"curies":[{"name":"wp","href":"https:\/\/api.w.org\/{rel}","templated":true}]}}