{"id":748,"date":"2026-03-12T18:53:47","date_gmt":"2026-03-12T18:53:47","guid":{"rendered":"https:\/\/alvar.cl\/?post_type=product&#038;p=748"},"modified":"2026-03-12T18:53:47","modified_gmt":"2026-03-12T18:53:47","slug":"modulo-de-entrada-digital-de-alta-densidad-1794-ib32","status":"publish","type":"product","link":"https:\/\/alvar.cl\/?product=modulo-de-entrada-digital-de-alta-densidad-1794-ib32","title":{"rendered":"M\u00f3dulo de entrada digital de alta densidad \/ 1794-IB32"},"content":{"rendered":"<p>El Allen-Bradley 1794-IB32 es un m\u00f3dulo de entrada digital de alta densidad perteneciente a la familia FLEX\u2122 I\/O de Rockwell Automation. Est\u00e1 dise\u00f1ado para recibir se\u00f1ales discretas de dispositivos de campo (como pulsadores o sensores) y transmitirlas a un sistema de control distribuido<\/p>\n","protected":false},"excerpt":{"rendered":"<p>El Allen-Bradley 1794-IB32 es un m\u00f3dulo de entrada digital de alta densidad perteneciente a la familia FLEX\u2122 I\/O de Rockwell Automation. Est\u00e1 dise\u00f1ado para recibir se\u00f1ales discretas de dispositivos de campo (como pulsadores o sensores) y transmitirlas a un sistema de control distribuido<\/p>\n","protected":false},"featured_media":749,"comment_status":"closed","ping_status":"closed","template":"","meta":{"_et_pb_use_builder":"","_et_pb_old_content":"","_et_gb_content_width":""},"product_brand":[32],"product_cat":[25],"product_tag":[],"class_list":{"0":"post-748","1":"product","2":"type-product","3":"status-publish","4":"has-post-thumbnail","6":"product_brand-allen-bradley","7":"product_cat-modulo","9":"first","10":"instock","11":"shipping-taxable","12":"purchasable","13":"product-type-simple"},"_links":{"self":[{"href":"https:\/\/alvar.cl\/index.php?rest_route=\/wp\/v2\/product\/748","targetHints":{"allow":["GET"]}}],"collection":[{"href":"https:\/\/alvar.cl\/index.php?rest_route=\/wp\/v2\/product"}],"about":[{"href":"https:\/\/alvar.cl\/index.php?rest_route=\/wp\/v2\/types\/product"}],"replies":[{"embeddable":true,"href":"https:\/\/alvar.cl\/index.php?rest_route=%2Fwp%2Fv2%2Fcomments&post=748"}],"wp:featuredmedia":[{"embeddable":true,"href":"https:\/\/alvar.cl\/index.php?rest_route=\/wp\/v2\/media\/749"}],"wp:attachment":[{"href":"https:\/\/alvar.cl\/index.php?rest_route=%2Fwp%2Fv2%2Fmedia&parent=748"}],"wp:term":[{"taxonomy":"product_brand","embeddable":true,"href":"https:\/\/alvar.cl\/index.php?rest_route=%2Fwp%2Fv2%2Fproduct_brand&post=748"},{"taxonomy":"product_cat","embeddable":true,"href":"https:\/\/alvar.cl\/index.php?rest_route=%2Fwp%2Fv2%2Fproduct_cat&post=748"},{"taxonomy":"product_tag","embeddable":true,"href":"https:\/\/alvar.cl\/index.php?rest_route=%2Fwp%2Fv2%2Fproduct_tag&post=748"}],"curies":[{"name":"wp","href":"https:\/\/api.w.org\/{rel}","templated":true}]}}